uppose 10*k - 5*k = 0. Suppose -2*r + 26 = -k*r. What are the prime factors of r?
13
Let k(z) = z**2 + 4*z - 8. Let s be k(-6). Suppose 0 = -s*l, 0 = -3*y + 5*y - 3*l - 16. What are the prime factors of y?
2
Suppose -4*x + 3*x = -55. List the prime factors of x.
5, 11
Suppose -v = -2*u - 32, -v + 4*u = 11 - 53. What are the prime factors of v?
2, 11
Suppose 12*h = 7*h + 820. List the prime factors of h.
2, 41
Suppose -w = 0, r + w = -1 + 6. Suppose 2*d + 3*s - 6 = 18, r*d - 82 = -2*s. What are the prime factors of d?
2, 3
Suppose 35 = -4*v + 5*v. List the prime factors of v.
5, 7
Let j = 248 + -133. Suppose -j = -6*c + c. What are the prime factors of c?
23
Suppose 24 + 1 = 5*i. Suppose 27 = i*y - 48. What are the prime factors of y?
3, 5
Let u be (-146)/(-10) + 2/5. Suppose -4*l - r + 4*r = -351, 0 = -5*r + u. What are the prime factors of (6/15)/(3/l)?
2, 3
Let n = 235 + -31. List the prime factors of n.
2, 3, 17
Let s be (-8)/5 + 4/(-10). Let g be 12/42 + 4/(-14). List the prime factors of s - g - (-22 - -2).
2, 3
Let w = 14 - 8. Let u = 0 + w. What are the prime factors of u?
2, 3
Let x = 3 + 0. Suppose -a - 3*g + 20 = 0, -x*g + 8*g = a + 4. List the prime factors of a.
11
Let y(g) = 16*g - 1. List the prime factors of y(7).
3, 37
Let c be 2/3*(-54 - 0). Let a = 68 + c. List the prime factors of a.
2
List the prime factors of (-5)/((-15)/22)*(-9)/(-2).
3, 11
What are the prime factors of (-102)/(-8)*4/1?
3, 17
Suppose 3*w - 2*r - 10 = -r, 5*w - 6 = -r. Suppose 58 + 0 = w*u. List the prime factors of u.
29
Let s(q) = 82 - 84 - q**3 + 9*q - 2*q - 4*q**2. What are the prime factors of s(-6)?
2, 7
Suppose -3*u + 21 = -30. List the prime factors of u.
17
Let b(t) = -5*t + t**3 + t + 8*t**2 - 7 + 2 - 6*t. List the prime factors of b(-9).
2
Let l(w) = 3*w**2 - 2*w + 2 + 2 - 5 - w**2. What are the prime factors of l(-2)?
11
Let t = 390 - 253. What are the prime factors of t?
137
Suppose 2*r = r + 21. List the prime factors of r.
3, 7
Let r = 31 + 15. What are the prime factors of r?
2, 23
Suppose -2*t = -7*r + 4*r + 168, -2*r + 96 = 4*t. What are the prime factors of r?
2, 3
Let f be (-2)/11 + 356/22. List the prime factors of (-1)/1 + -1 + f.
2, 7
Let m = 6 - 10. Let x be (1 + 6/m)*-54. Suppose -2*s - 5*p = -x, -s - 5 + 18 = 2*p. List the prime factors of s.
11
Suppose -4*s - s - 115 = 0. Let o = -12 - s. List the prime factors of o.
11
What are the prime factors of (-35)/7 + 7 + (0 - -90)?
2, 23
Suppose -3*m - 5*t = -190, 27 = m + 4*t - 41. Let i be ((-2)/(-4))/((-2)/m). What are the prime factors of 2/(-10) - 138/i?
3
List the prime factors of -2 + (-20)/(-5) + 2.
2
Let y(s) = s + 82. What are the prime factors of y(-35)?
47
Suppose 4*t = -3*j + 25, -2*t + 5*j - 2 = 5. What are the prime factors of 45/6 + (-2)/t?
7
Suppose 0 = -f + 5*f - 20. Let p(b) be the second derivative of b**3/6 + 2*b**2 - 2*b. What are the prime factors of p(f)?
3
Suppose 3*x - 3 = 2*x. Suppose -g + 10 = x*i + g, 4*i - 5*g + 2 = 0. What are the prime factors of -1*(i - 3) - -3?
2
Let h = -2 - -11. Suppose h*f - 2*y = 4*f + 14, -4*f = -3*y - 14. What are the prime factors of f?
2
Suppose -2*p + 11 + 63 = 0. What are the prime factors of p?
37
Let q(o) = o**3 + 2*o**2 - 4*o. Let h be q(-3). Suppose n + h*n = -40. Let f = -2 - n. List the prime factors of f.
2
Let q be 9/18 - 54/4. Suppose -3*n = 4*w + 12, n + 2*w = -3*w - 4. Let u = n - q. List the prime factors of u.
3
Suppose -3*n - 2*c + 179 = 57, 3*c + 26 = n. What are the prime factors of n?
2, 19
Suppose -2*c - 59 = b + 2*b, c + b + 32 = 0. Let n = -22 - c. What are the prime factors of n?
3, 5
Let p = -93 - -130. List the prime factors of p.
37
Let k(n) = -7*n - 3. List the prime factors of k(-7).
2, 23
Let b(y) = y. Suppose -3*x + 2*v = 38, 4*v = -x + 2 - 24. Let q(w) = 8*w. Let a(r) = x*b(r) + 2*q(r). List the prime factors of a(6).
2, 3
Let j be 4*(-4)/(-32)*4. Suppose -78 = -j*l - 2*s, -s - 10 = -3*s. List the prime factors of l.
2, 17
Let t(l) = l**2 + l - 28. What are the prime factors of t(15)?
2, 53
Suppose 5*j = -u + 5*u - 69, u - 3*j - 19 = 0. Let w = u + -6. List the prime factors of w.
2, 5
Suppose 82 = 2*p + x, 4*x - 56 = -3*p + 67. List the prime factors of p.
41
Let j = 134 + -112. What are the prime factors of j?
2, 11
Let z be 1/((1 - 2)/(-1)). Let r be -25*z/1*1. Let b = r - -41. List the prime factors of b.
2
Let w = 15 + -14. Let y(m) = 3*m**3 - 2*m**2 + 2*m - 1. List the prime factors of y(w).
2
Suppose -y - 4 = -2*y. Suppose -2*l - 6 = y*o, -3*l + 8*l + 26 = o. Suppose -d + 13 = -o. List the prime factors of d.
2, 7
Let n(b) be the second derivative of 1/12*b**4 + 3*b**2 + 0 - 1/2*b**3 + b. What are the prime factors of n(4)?
2, 5
Let r(u) = -24*u + 28. What are the prime factors of r(-9)?
2, 61
Suppose 3*g + 0*a - 91 = -2*a, -4*g = -a - 103. Let t be (-6)/g + (-762)/(-27). Suppose 0 = 5*s - s - t. List the prime factors of s.
7
Suppose -17*z + 12*z + 255 = 0. Suppose 3*j = 18 + z. List the prime factors of j.
23
Suppose -4*c = 3*i - 10, -5*i + 6*c = c - 75. Let x = 4 + -8. Let z = x + i. What are the prime factors of z?
2, 3
Let r(z) = z**2 - 3*z + 254. What are the prime factors of r(0)?
2, 127
List the prime factors of (-177)/(-4) - (9/(-4))/(-9).
2, 11
Let u(w) be the third derivative of 5*w**4/24 + w**3/6 - w**2. Let a be ((-4)/10)/(3/(-15)). List the prime factors of u(a).
11
What are the prime factors of (-333 - 1)*32/(-64)?
167
Let x = -29 - -171. List the prime factors of x.
2, 71
Let p = 35 - 10. List the prime factors of p.
5
Let o be 4/10 - (-7)/(-5). Let y(h) = 5*h**3 + 2*h**2 + h. Let v be y(o). Let p = v - -6. List the prime factors of p.
2
Let j be 0 - (0 + -3) - -11. Let o = j - 10. Suppose u = -z + 7, z - o*z = -5*u + 27. List the prime factors of u.
2, 3
Let i(q) be the third derivative of -q**4/6 - 2*q**3/3 + 2*q**2. Let u be i(-3). Suppose -56 = 4*t - u*t. List the prime factors of t.
2, 7
Suppose v + 4 = 62. Let d = 94 - v. What are the prime factors of d?
2, 3
Let v(b) = -b**2 + 9*b - 5. Let i be v(8). Suppose -i*n = p - 7, 2*p - n - 24 = 3*n. List the prime factors of p.
2, 5
Suppose 3*u = 4*u - 22. Let b be -28*(3/2 + -1). Let f = b + u. What are the prime factors of f?
2
Let u(m) = m**2 - 12*m + 18. List the prime factors of u(13).
31
List the prime factors of (15/12)/(2/64).
2, 5
Let f = -6 - -7. Let c(p) = 17*p - 1. List the prime factors of c(f).
2
Let l = 16 - 7. Let y be 2/l + 8/(-36). Let k = 3 - y. List the prime factors of k.
3
Let o(h) = 4*h**3 + 2*h**2 + 9*h - 5. Let v(k) = -k**3 - k**2 - 3*k + 2. Let w(b) = 2*o(b) + 7*v(b). What are the prime factors of w(4)?
2
Let m(k) = -k**3 - 10*k**2 + 17*k + 10. Let z be m(-11). What are the prime factors of z/(-3) - (-6)/18?
19
Let g(q) = -2*q**3 - 4*q**2 - 2*q. Let i(j) = -j**3 + 4*j**2 - 3*j - 2. Let b be i(3). Let u be g(b). List the prime factors of 12/10*30/u.
3
Let l(f) = f**2 - 3*f - 2. Let i be l(4). Suppose 3*v = 2*k - 2, 0*k - i*k + 4 = -2*v. List the prime factors of k.
2
Let r be ((-4)/10)/(8/(-80)). Suppose 0 = w + 4*d - 4, 3*w - r*d - 30 = -7*d. List the prime factors of w.
2, 3
Let o = 164 - 52. What are the prime factors of o?
2, 7
Suppose -2*j + 0*j = -5*h - 19, 2*h = 5*j - 16. Suppose -j*g + 26 - 4 = 0. What are the prime factors of g?
11
Let o be (4 + 38/(-6))*-24. Suppose 4*k = -0*k + o. What are the prime factors of k?
2, 7
Let b(k) be the third derivative of k**6/120 + k**5/30 + k**4/8 + 2*k**2. Let j be b(-2). What are the prime factors of ((-4)/j)/((-3)/(-9))?
2
Let h be 27*(-4)/(-6) - 3. Suppose h - 2 = z - 4*i, 4*i = -12. Suppose 3*v - 5*m = 1, z + 4 = 5*m. What are the prime factors of v?
2
What are the prime factors of 108/(-8)*2*-1?
3
Let b(p) = 0 - 2 + 0 + p + 4. Let o be b(-4). What are the prime factors of (o/(-1))/((-1)/(-6))?
2, 3
Suppose 3*x + 0*n - 159 = -2*n, 0 = -2*n. List the prime factors of x.
53
Suppose 12 = 3*h - 18. Let m(q) = 0 - 5 - h*q - q**2 + 3 - 4. List the prime factors of m(-7).
3, 5
Suppose -4*n = -80 - 16. Suppose -2*y = 7*m - 5*m - n, -18 = y - 5*m. What are the prime factors of y?
7
Suppose 4*a - 6*a - 6 = 0. Let d(v) = -5*v - 4. What are the prime factors of d(a)?
11
Suppose -x - 2*b + 6*b - 99 = 0, 5*x + 570 = 5*b. Let k = 175 + x. List the prime factors of